be (198/72)/(1/4). Suppose 5*m - 56 = -n. Suppose -6*v + m*v = 63. What is the units digit of v?
1
Let z be (-14)/(-7)*(2 + 19)/3. Suppose 4*q - 90 = -z. Suppose -4*c + 202 = -3*t, 0 = -c + 5*t + 23 + q. What is the units digit of c?
2
Suppose 202*w = -z + 205*w + 19243, -77002 = -4*z + 2*w. What is the ten thousands digit of z?
1
What is the hundreds digit of (-51)/((-31823)/3179 - -10)?
9
Let n = -98625 - -189283. What is the ten thousands digit of n?
9
Let r = 23356 + -11616. What is the tens digit of r?
4
Let g(u) = -u**2 - 21*u + 23. Let i be g(-13). Suppose -i*o - 7455 = -134*o. What is the units digit of o?
5
Let y be (3/2)/((-1)/((-1416)/(-9))). Let v be 2/5 + 1024/(-10). Let h = v - y. What is the tens digit of h?
3
Suppose 0 = 2*o - 4*f + 140, -6*f = -5*o - 8*f - 290. Suppose -p = 4*p - 3*j - 180, 4*j = 2*p - 58. What is the tens digit of (p/5)/((-6)/o)?
7
Suppose -41690 = -24*o + 2*o. Suppose -o = -5*r + 285. What is the tens digit of r?
3
Let l be 220/24 + (-2)/12 + 3. Suppose v - 52 = -l*v. What is the units digit of (v - (-7 + -31))/(2*1)?
1
What is the hundreds digit of 120/(-200)*(-100)/6 + 23098?
1
Let r(g) be the third derivative of -g**5/60 + 5*g**4/6 - 4*g**3/3 + 13*g**2. Let t be r(19). Suppose -70 - t = -3*v. What is the tens digit of v?
2
Let f = 399 - 388. Suppose f*h + 7320 = 23*h. What is the hundreds digit of h?
6
Let o(c) = -16*c + 31*c + 16 - 22 - 55. What is the hundreds digit of o(11)?
1
Let g = -1071 + 2073. Suppose 1114 = i - 3*o, 3*o - 82 - g = -i. What is the tens digit of i?
9
Suppose -26*r + 12*r + 4172 = 0. Suppose 9954 = -291*w + r*w. What is the thousands digit of w?
1
Suppose -978*r + 62048 = 5*v - 980*r, 37212 = 3*v - 4*r. What is the units digit of v?
2
Let g be (-3)/(21/(-2903)) - (-8)/28. Suppose 2*t = -f + 220 + 196, f - g = -t. What is the tens digit of f?
1
Let s(o) = -29*o - 46. Suppose 16 = 2*k - 4*k. What is the hundreds digit of s(k)?
1
Suppose f - 21413 = -2*j, 675*f - 53529 = -5*j + 672*f. What is the ten thousands digit of j?
1
Suppose -479 + 514 = -5*l, -4*l = -n + 58366. What is the hundreds digit of n?
3
Suppose -2 + 139 = 2*r + 3*i, 0 = 5*r - 2*i - 295. Suppose -59*q - 516 = -r*q. What is the hundreds digit of q?
2
Suppose -24*b + 530624 + 598336 = -208920. What is the hundreds digit of b?
7
Suppose 0 = -3*r - 3*q + 42, -4*r + 4*q - 13 + 53 = 0. Let o be -38*((-20)/(-8) - 7). Suppose r*v - o = 3*v. What is the units digit of v?
9
Let f(m) = -6*m - 74. Let u be f(-12). Let s(q) = -72*q + 6. Let r(a) = 180*a - 15. Let z(t) = -5*r(t) - 12*s(t). What is the units digit of z(u)?
5
Let t(w) = 2*w**2 + 15*w + 31. Let h(r) = -4*r - 8. Let f(j) = j. Let u(l) = 5*f(l) + h(l). Let s be u(-2). What is the units digit of t(s)?
1
Let z = -36749 + 58696. What is the ten thousands digit of z?
2
Suppose -39*g = -3320 - 310318. What is the thousands digit of g?
8
Let u(r) = 62*r**2 + 11*r - 11. Suppose -p - 5 + 11 = 4*z, 5*z - 5*p + 5 = 0. What is the units digit of u(z)?
2
Let d = 46 - 44. Let p(q) = 5 - 5*q + d*q + 2*q**2 + 7*q. What is the units digit of p(-3)?
1
Suppose -4*n + 52 = -2*q, -5*q - 173 = -3*n - 22. Let x = -24 + q. Let g = x - -86. What is the units digit of g?
0
What is the units digit of (1777/6 + 16/(-24))*584/6?
2
Let i = -288 - -298. What is the tens digit of (-623)/(130/(-78)*2/i)?
6
Let z be 13/(78/72)*(-2)/(-6). Suppose -d + 2664 = z*s + 4*d, -3*d = 3*s - 1995. What is the units digit of s?
1
Let t be (-3 - -1) + (2 - 0). Let w(r) = -r**2 - 5*r - 37. Let l(q) = -q - 1. Let h(m) = 4*l(m) - w(m). What is the units digit of h(t)?
3
Let c be (2 + 44/(-8))*(-40)/14. Suppose -2*j = c, h + 4*h + 3*j = 6745. What is the tens digit of h?
5
Suppose l + 0*l - 5*k = -143, 0 = 2*l - 5*k + 301. Let o = 176 - 179. What is the tens digit of 2/((2/l)/(o/6))?
7
Let l be (-4)/(-14) - (-2 + 38/(-14)). Suppose 0 = -3*q + 2*f + 895, -3*q + l*f + 263 = -647. What is the units digit of q?
5
What is the thousands digit of ((-117)/(-156))/(3/46756)?
1
Let k(l) = 156*l**2 + l - 118 + 24 + 215 - 119. Suppose -2*h = 5*a - 2*a + 5, h = 2*a + 1. What is the tens digit of k(h)?
5
Let j = 13480 + 2614. What is the units digit of j?
4
Let g(n) = -7*n - 123. Let k be g(-17). What is the units digit of ((20*-1)/k - -835) + -4?
6
Let f(c) = -c - 6. Let z be f(-9). Let y(g) = -11*g + 36. Let m be y(z). What is the hundreds digit of (3*m/18)/(5/2410)?
2
Suppose -2620 = -7*z + 3*z. What is the units digit of (-124)/(-155)*z/2?
2
Suppose 0 = r + 12*r + 182. Let q = 17 + r. What is the units digit of (4/16)/(q/1272)?
6
Let l = 110 - 63. Suppose w - 38 + 39 = 0. Let k = l + w. What is the units digit of k?
6
What is the hundreds digit of (-1 - -1) + (5 - 9*-186)?
6
Let d = -482 - -510. Suppose 12152 = d*a - 9660. What is the hundreds digit of a?
7
Let o(n) = n**3 - 9*n**2 + 4*n + 34. Let k be o(8). What is the tens digit of (-3)/k*48580/(-105)?
9
Let v(j) = -116*j**3 + 3*j**2 + 18*j - 124. What is the tens digit of v(-7)?
8
Suppose -s + 293 + 129 = 0. Suppose -3*k - s = -2*g + 442, 3*k + g + 864 = 0. Let d = 419 + k. What is the hundreds digit of d?
1
Suppose 4*m = 4*i + 100, -m - 2*i + 1 = -12. Suppose 2*c - 8 = 0, 4*c - m = 2*f - 3. What is the units digit of -1 - f - (4 + 608/(-2))?
0
Let m(y) be the first derivative of y**4/4 - 4*y**3 - 7*y**2 - 16*y + 6. Let q be m(12). Let f = 270 + q. What is the units digit of f?
6
Suppose -2024 = 25*q - 29*q. Suppose 0 = -3*s - 3*g + 1554, -5*s + 4*s + q = -3*g. What is the units digit of s?
5
Suppose -18*m + 14*m + 8 = 0. Suppose 0*i + 4*i = 5*o - 631, 0 = -m*o - 2*i + 238. What is the hundreds digit of o?
1
Suppose 66842*k - 66844*k + 30218 = 0. What is the thousands digit of k?
5
Suppose -2*h + 1275 = -3*v + 352, 0 = 5*h - v - 2301. What is the hundreds digit of h?
4
Suppose -17*x + 34335 = -12*x - o, 0 = -5*x - 3*o + 34355. What is the thousands digit of x?
6
Suppose 122652 = 492*m - 483*m. What is the thousands digit of m?
3
What is the hundreds digit of ((-2316992)/(-140) - 19) + (-2)/(-35)?
5
Let h be -2*3/2*-30. Let y be ((-8)/(-16))/((-5)/(-4 - 786)). Let f = h - y. What is the units digit of f?
1
Let g = 156 + 179. Let y = 445 + g. Suppose 0 = m - 4*j - 132, -2*j + 6*j = -5*m + y. What is the tens digit of m?
5
Let y(u) = 13*u + 73. Let x(i) = -3*i - 18. Let k(b) = 9*x(b) + 2*y(b). Let a be k(-23). Suppose -a*c + 3*c + 728 = 0. What is the tens digit of c?
8
What is the tens digit of 39/((-234)/4)*-28362?
0
Let z(s) = s**2 - 13. Let n be z(-4). Suppose 1688 - 107 = n*u. What is the hundreds digit of u?
5
Let n(d) = 2*d**2 + 21*d + 10. Let u be n(-10). Suppose -x + 2*l + 469 = u, 5*x - 1352 = 2*x - 5*l. What is the tens digit of x?
5
Let q be 2*60244/24 - (-2)/3. Suppose 0 = 17*x + 516 - q. What is the tens digit of x?
6
Let u(c) = -5*c**2 - 229*c - 143. What is the tens digit of u(-12)?
8
Let t(l) = 2*l**2 + 5*l - 20. Let h be t(-5). Suppose 0 = -h*d + 113 + 22. Suppose 2*q = -4*c + 416, -c + 5*q + 142 = d. What is the units digit of c?
5
Suppose 467 = 5*x - 4*x. Let m = 1922 + -1718. Let t = x - m. What is the tens digit of t?
6
Let x = 541 + -535. What is the units digit of (5 + -9 + 7)*652/x?
6
Let i = 785 - -2098. What is the units digit of i?
3
What is the thousands digit of (-1180)/177*29883/(-14)?
4
Let z(k) = 24*k**2 + 3*k + 4. Let y be (-1)/((-6)/(-3) + -3)*3. Let o(p) = -47*p**2 - 7*p - 9. Let w(r) = y*o(r) + 7*z(r). What is the tens digit of w(-1)?
2
Let p(b) be the third derivative of b**4/24 + 11*b**3/6 + 17*b**2. Let f be p(-9). Suppose f*t + 216 = 14*t. What is the tens digit of t?
1
Suppose -129*t + 165210 = 5*s - 134*t, 33042 = s + 5*t. What is the units digit of s?
2
Suppose 4*m + 253*o - 155632 = 258*o, -2*m = 3*o - 77860. What is the ten thousands digit of m?
3
Let y(i) = -i**3 - 24*i**2 + 3041*i + 201. What is the tens digit of y(-72)?
8
Suppose 16*n - 7*n = n + 166568. What is the tens digit of n?
2
Let h be 3 + -7 + 1 - -3. Suppose h = 5*m - 2*k + 8, -5*m - 3*k = -5 - 7. Suppose 4*i - 184 - 160 = m. What is the units digit of i?
6
Let z be 2*(92/(-14))/((-80)/140). Suppose -28*x + 4650 = -z*x. What is the hundreds digit of x?
9
Let o = 4250 + 7272. Suppose o = -48*b + 62*b. What is the hundreds digit of b?
8
Let z = 15642 + -7430. What is th